[INFO] fetching crate diff_fmt 0.1.0...
[INFO] checking diff_fmt-0.1.0 against master#af3c6e733a40e671550e0f0f5aeecaa13772ba56 for pr-74989
[INFO] extracting crate diff_fmt 0.1.0 into /workspace/builds/worker-6/source
[INFO] validating manifest of crates.io crate diff_fmt 0.1.0 on toolchain af3c6e733a40e671550e0f0f5aeecaa13772ba56
[INFO] running `Command { std: "/workspace/cargo-home/bin/cargo" "+af3c6e733a40e671550e0f0f5aeecaa13772ba56" "read-manifest" "--manifest-path" "Cargo.toml", kill_on_drop: false }`
[INFO] started tweaking crates.io crate diff_fmt 0.1.0
[INFO] finished tweaking crates.io crate diff_fmt 0.1.0
[INFO] tweaked toml for crates.io crate diff_fmt 0.1.0 written to /workspace/builds/worker-6/source/Cargo.toml
[INFO] running `Command { std: "/workspace/cargo-home/bin/cargo" "+af3c6e733a40e671550e0f0f5aeecaa13772ba56" "generate-lockfile" "--manifest-path" "Cargo.toml" "-Zno-index-update", kill_on_drop: false }`
[INFO] running `Command { std: "/workspace/cargo-home/bin/cargo" "+af3c6e733a40e671550e0f0f5aeecaa13772ba56" "fetch" "--locked" "--manifest-path" "Cargo.toml", kill_on_drop: false }`
[INFO] running `Command { std: "docker" "create" "-v" "/var/lib/crater-agent-workspace/builds/worker-6/target:/opt/rustwide/target:rw,Z" "-v" "/var/lib/crater-agent-workspace/builds/worker-6/source:/opt/rustwide/workdir:ro,Z" "-v" "/var/lib/crater-agent-workspace/cargo-home:/opt/rustwide/cargo-home:ro,Z" "-v" "/var/lib/crater-agent-workspace/rustup-home:/opt/rustwide/rustup-home:ro,Z" "-e" "SOURCE_DIR=/opt/rustwide/workdir" "-e" "CARGO_TARGET_DIR=/opt/rustwide/target" "-e" "CARGO_HOME=/opt/rustwide/cargo-home" "-e" "RUSTUP_HOME=/opt/rustwide/rustup-home" "-w" "/opt/rustwide/workdir" "-m" "1610612736" "--user" "0:0" "--network" "none" "rustops/crates-build-env@sha256:d92eaeed33fa75130ca1ee6c8a01d1ffb62bac859dfdfb3450e3e5d1c0146529" "/opt/rustwide/cargo-home/bin/cargo" "+af3c6e733a40e671550e0f0f5aeecaa13772ba56" "metadata" "--no-deps" "--format-version=1", kill_on_drop: false }`
[INFO] [stdout] 444d58a07ce445f030768da96a20c33f8574b5ac90e556b908b6e3cd889d488e
[INFO] [stderr] WARNING: Your kernel does not support swap limit capabilities or the cgroup is not mounted. Memory limited without swap.
[INFO] running `Command { std: "docker" "start" "-a" "444d58a07ce445f030768da96a20c33f8574b5ac90e556b908b6e3cd889d488e", kill_on_drop: false }`
[INFO] running `Command { std: "docker" "inspect" "444d58a07ce445f030768da96a20c33f8574b5ac90e556b908b6e3cd889d488e", kill_on_drop: false }`
[INFO] running `Command { std: "docker" "rm" "-f" "444d58a07ce445f030768da96a20c33f8574b5ac90e556b908b6e3cd889d488e", kill_on_drop: false }`
[INFO] [stdout] 444d58a07ce445f030768da96a20c33f8574b5ac90e556b908b6e3cd889d488e
[INFO] running `Command { std: "docker" "create" "-v" "/var/lib/crater-agent-workspace/builds/worker-6/target:/opt/rustwide/target:rw,Z" "-v" "/var/lib/crater-agent-workspace/builds/worker-6/source:/opt/rustwide/workdir:ro,Z" "-v" "/var/lib/crater-agent-workspace/cargo-home:/opt/rustwide/cargo-home:ro,Z" "-v" "/var/lib/crater-agent-workspace/rustup-home:/opt/rustwide/rustup-home:ro,Z" "-e" "SOURCE_DIR=/opt/rustwide/workdir" "-e" "CARGO_TARGET_DIR=/opt/rustwide/target" "-e" "CARGO_INCREMENTAL=0" "-e" "RUST_BACKTRACE=full" "-e" "RUSTFLAGS=--cap-lints=forbid" "-e" "CARGO_HOME=/opt/rustwide/cargo-home" "-e" "RUSTUP_HOME=/opt/rustwide/rustup-home" "-w" "/opt/rustwide/workdir" "-m" "1610612736" "--user" "0:0" "--network" "none" "rustops/crates-build-env@sha256:d92eaeed33fa75130ca1ee6c8a01d1ffb62bac859dfdfb3450e3e5d1c0146529" "/opt/rustwide/cargo-home/bin/cargo" "+af3c6e733a40e671550e0f0f5aeecaa13772ba56" "check" "--frozen" "--all" "--all-targets" "--message-format=json", kill_on_drop: false }`
[INFO] [stdout] 2984d5d4997ea4ec9fe0e1e4ac1ca480ffde7f0f9bc509de4cd7d43e5b4fa2a4
[INFO] [stderr] WARNING: Your kernel does not support swap limit capabilities or the cgroup is not mounted. Memory limited without swap.
[INFO] running `Command { std: "docker" "start" "-a" "2984d5d4997ea4ec9fe0e1e4ac1ca480ffde7f0f9bc509de4cd7d43e5b4fa2a4", kill_on_drop: false }`
[INFO] [stderr]    Compiling libc v0.2.77
[INFO] [stderr]     Checking termion v1.5.5
[INFO] [stderr]     Checking diff_fmt v0.1.0 (/opt/rustwide/workdir)
[INFO] [stdout] error[E0433]: failed to resolve: could not find `Position` in `v1`
[INFO] [stdout]   --> src/lib.rs:40:40
[INFO] [stdout]    |
[INFO] [stdout] 40 |         position: ::core::fmt::rt::v1::Position::At(0usize),
[INFO] [stdout]    |                                        ^^^^^^^^ could not find `Position` in `v1`
[INFO] [stdout] 
[INFO] [stdout] 
[INFO] [stdout] error[E0433]: failed to resolve: could not find `Position` in `v1`
[INFO] [stdout]   --> src/lib.rs:40:40
[INFO] [stdout]    |
[INFO] [stdout] 40 |         position: ::core::fmt::rt::v1::Position::At(0usize),
[INFO] [stdout]    |                                        ^^^^^^^^ could not find `Position` in `v1`
[INFO] [stdout] 
[INFO] [stdout] 
[INFO] [stdout] error[E0433]: failed to resolve: could not find `Position` in `v1`
[INFO] [stdout]    --> src/lib.rs:491:48
[INFO] [stdout]     |
[INFO] [stdout] 491 |                 position: ::core::fmt::rt::v1::Position::At(0usize),
[INFO] [stdout]     |                                                ^^^^^^^^ could not find `Position` in `v1`
[INFO] [stdout] 
[INFO] [stdout] 
[INFO] [stdout] error[E0433]: failed to resolve: could not find `Position` in `v1`
[INFO] [stdout]    --> src/lib.rs:508:48
[INFO] [stdout]     |
[INFO] [stdout] 508 |                 position: ::core::fmt::rt::v1::Position::At(0usize),
[INFO] [stdout]     |                                                ^^^^^^^^ could not find `Position` in `v1`
[INFO] [stdout] 
[INFO] [stdout] 
[INFO] [stderr] error: could not compile `diff_fmt`.
[INFO] [stdout] error: aborting due to previous error
[INFO] [stdout] 
[INFO] [stdout] 
[INFO] [stderr] 
[INFO] [stdout] For more information about this error, try `rustc --explain E0433`.
[INFO] [stdout] 
[INFO] [stderr] To learn more, run the command again with --verbose.
[INFO] [stderr] warning: build failed, waiting for other jobs to finish...
[INFO] [stdout] error: aborting due to 3 previous errors
[INFO] [stdout] 
[INFO] [stdout] 
[INFO] [stdout] For more information about this error, try `rustc --explain E0433`.
[INFO] [stdout] 
[INFO] [stderr] error: build failed
[INFO] running `Command { std: "docker" "inspect" "2984d5d4997ea4ec9fe0e1e4ac1ca480ffde7f0f9bc509de4cd7d43e5b4fa2a4", kill_on_drop: false }`
[INFO] running `Command { std: "docker" "rm" "-f" "2984d5d4997ea4ec9fe0e1e4ac1ca480ffde7f0f9bc509de4cd7d43e5b4fa2a4", kill_on_drop: false }`
[INFO] [stdout] 2984d5d4997ea4ec9fe0e1e4ac1ca480ffde7f0f9bc509de4cd7d43e5b4fa2a4
